{"id":112,"date":"2014-06-24T16:12:42","date_gmt":"2014-06-24T14:12:42","guid":{"rendered":"http:\/\/www.ritocad.se\/?page_id=112"},"modified":"2021-02-15T14:06:15","modified_gmt":"2021-02-15T13:06:15","slug":"leveransmanual-for-relationshandlingar","status":"publish","type":"page","link":"https:\/\/ww3.ritocad.se\/index.php\/tjanster\/leveransmanual-for-relationshandlingar\/","title":{"rendered":"Leveransmanual f\u00f6r relationshandlingar"},"content":{"rendered":"<p>Riktlinjerna som finns presenterade i v\u00e5r leveransmanual,<br \/>\ntj\u00e4nar till att skapa en enhetlig\u00a0standard f\u00f6r relationshandlingarna,<br \/>\nanpassade till ett digitalt dokumenthanteringssystem.<br \/>\nN\u00e4r kraven i leveransmanualen f\u00f6ljs ger det kostnads- och arbetsbesparing f\u00f6r b\u00e5de<br \/>\nprojekt\u00f6r och best\u00e4llare, en f\u00f6ruts\u00e4ttning f\u00f6r en effektiv fastighetsf\u00f6rvaltning.<\/p>\n","protected":false},"excerpt":{"rendered":"<p>Riktlinjerna som finns presenterade i v\u00e5r leveransmanual, tj\u00e4nar till att skapa en enhetlig\u00a0standard f\u00f6r relationshandlingarna, anpassade till ett digitalt dokumenthanteringssystem. N\u00e4r kraven i leveransmanualen f\u00f6ljs ger det kostnads- och arbetsbesparing f\u00f6r b\u00e5de projekt\u00f6r och best\u00e4llare, en f\u00f6ruts\u00e4ttning f\u00f6r en effektiv fastighetsf\u00f6rvaltning.<\/p>\n","protected":false},"author":2,"featured_media":0,"parent":58,"menu_order":50,"comment_status":"closed","ping_status":"open","template":"","meta":{"footnotes":""},"class_list":["post-112","page","type-page","status-publish","hentry"],"_links":{"self":[{"href":"https:\/\/ww3.ritocad.se\/index.php\/wp-json\/wp\/v2\/pages\/112","targetHints":{"allow":["GET"]}}],"collection":[{"href":"https:\/\/ww3.ritocad.se\/index.php\/wp-json\/wp\/v2\/pages"}],"about":[{"href":"https:\/\/ww3.ritocad.se\/index.php\/wp-json\/wp\/v2\/types\/page"}],"author":[{"embeddable":true,"href":"https:\/\/ww3.ritocad.se\/index.php\/wp-json\/wp\/v2\/users\/2"}],"replies":[{"embeddable":true,"href":"https:\/\/ww3.ritocad.se\/index.php\/wp-json\/wp\/v2\/comments?post=112"}],"version-history":[{"count":1,"href":"https:\/\/ww3.ritocad.se\/index.php\/wp-json\/wp\/v2\/pages\/112\/revisions"}],"predecessor-version":[{"id":1590,"href":"https:\/\/ww3.ritocad.se\/index.php\/wp-json\/wp\/v2\/pages\/112\/revisions\/1590"}],"up":[{"embeddable":true,"href":"https:\/\/ww3.ritocad.se\/index.php\/wp-json\/wp\/v2\/pages\/58"}],"wp:attachment":[{"href":"https:\/\/ww3.ritocad.se\/index.php\/wp-json\/wp\/v2\/media?parent=112"}],"curies":[{"name":"wp","href":"https:\/\/api.w.org\/{rel}","templated":true}]}}