{"id":315,"date":"2014-07-07T11:43:09","date_gmt":"2014-07-07T09:43:09","guid":{"rendered":"http:\/\/www.ritocad.se\/?page_id=315"},"modified":"2021-02-15T14:06:55","modified_gmt":"2021-02-15T13:06:55","slug":"drift-underhallsparmar","status":"publish","type":"page","link":"https:\/\/ww3.ritocad.se\/index.php\/tjanster\/drift-underhallsparmar\/","title":{"rendered":"Drift &amp; Underh\u00e5llsp\u00e4rmar"},"content":{"rendered":"<p>Har du drift- och underh\u00e5lls instruktioner i pappersformat, p\u00e5 USB-minnen eller projektplatser s\u00e5 kan vi hj\u00e4lpa dig att skapa en digital p\u00e4rm i PDF-format, som blir l\u00e4tt\u00e5tkomlig och enkel att uppdatera.<br \/>\nGenom att alla dokument i \u201dp\u00e4rmen\u201d f\u00f6rses med ett bokm\u00e4rke som \u00e4r l\u00e4nkad till en inneh\u00e5llsf\u00f6rteckning s\u00e5 blir den lika l\u00e4tt att leta i som i en fysisk p\u00e4rm.<br \/>\nDetta spar b\u00e5de tid och resurser.<br \/>\nSe exempel <a href=\"http:\/\/ww3.ritocad.se\/wp-content\/uploads\/2017\/02\/RoC-DU.pdf\" target=\"_blank\" rel=\"noopener\">DoU-p\u00e4rm <\/a><\/p>\n","protected":false},"excerpt":{"rendered":"<p>Har du drift- och underh\u00e5lls instruktioner i pappersformat, p\u00e5 USB-minnen eller projektplatser s\u00e5 kan vi hj\u00e4lpa dig att skapa en digital p\u00e4rm i PDF-format, som blir l\u00e4tt\u00e5tkomlig och enkel att uppdatera. Genom att alla dokument i \u201dp\u00e4rmen\u201d f\u00f6rses med ett bokm\u00e4rke som \u00e4r l\u00e4nkad till en inneh\u00e5llsf\u00f6rteckning s\u00e5 blir den lika l\u00e4tt att leta i som i en fysisk p\u00e4rm. Detta spar b\u00e5de tid och resurser. Se exempel DoU-p\u00e4rm<\/p>\n","protected":false},"author":4,"featured_media":0,"parent":58,"menu_order":70,"comment_status":"closed","ping_status":"open","template":"","meta":{"footnotes":""},"class_list":["post-315","page","type-page","status-publish","hentry"],"_links":{"self":[{"href":"https:\/\/ww3.ritocad.se\/index.php\/wp-json\/wp\/v2\/pages\/315","targetHints":{"allow":["GET"]}}],"collection":[{"href":"https:\/\/ww3.ritocad.se\/index.php\/wp-json\/wp\/v2\/pages"}],"about":[{"href":"https:\/\/ww3.ritocad.se\/index.php\/wp-json\/wp\/v2\/types\/page"}],"author":[{"embeddable":true,"href":"https:\/\/ww3.ritocad.se\/index.php\/wp-json\/wp\/v2\/users\/4"}],"replies":[{"embeddable":true,"href":"https:\/\/ww3.ritocad.se\/index.php\/wp-json\/wp\/v2\/comments?post=315"}],"version-history":[{"count":1,"href":"https:\/\/ww3.ritocad.se\/index.php\/wp-json\/wp\/v2\/pages\/315\/revisions"}],"predecessor-version":[{"id":1591,"href":"https:\/\/ww3.ritocad.se\/index.php\/wp-json\/wp\/v2\/pages\/315\/revisions\/1591"}],"up":[{"embeddable":true,"href":"https:\/\/ww3.ritocad.se\/index.php\/wp-json\/wp\/v2\/pages\/58"}],"wp:attachment":[{"href":"https:\/\/ww3.ritocad.se\/index.php\/wp-json\/wp\/v2\/media?parent=315"}],"curies":[{"name":"wp","href":"https:\/\/api.w.org\/{rel}","templated":true}]}}