{"id":99,"date":"2014-06-24T16:01:54","date_gmt":"2014-06-24T14:01:54","guid":{"rendered":"http:\/\/www.ritocad.se\/?page_id=99"},"modified":"2021-02-15T12:57:35","modified_gmt":"2021-02-15T11:57:35","slug":"cad-kontroll","status":"publish","type":"page","link":"https:\/\/ww3.ritocad.se\/index.php\/tjanster\/cad-kontroll\/","title":{"rendered":"CAD-kontroll"},"content":{"rendered":"<p>Som CAD-kontroller kan vi hj\u00e4lpa er med f\u00f6ljande:<\/p>\n<ul>\n<li>Ritningsmallar och namnrutor<\/li>\n<li>Bevaka att leveransmanualen f\u00f6ljs<\/li>\n<li>Granska inkomna relationsritningar f\u00f6re registrering i Fince<\/li>\n<\/ul>\n","protected":false},"excerpt":{"rendered":"<p>Som CAD-kontroller kan vi hj\u00e4lpa er med f\u00f6ljande: Ritningsmallar och namnrutor Bevaka att leveransmanualen f\u00f6ljs Granska inkomna relationsritningar f\u00f6re registrering i Fince<\/p>\n","protected":false},"author":2,"featured_media":0,"parent":58,"menu_order":40,"comment_status":"closed","ping_status":"open","template":"","meta":{"footnotes":""},"class_list":["post-99","page","type-page","status-publish","hentry"],"_links":{"self":[{"href":"https:\/\/ww3.ritocad.se\/index.php\/wp-json\/wp\/v2\/pages\/99","targetHints":{"allow":["GET"]}}],"collection":[{"href":"https:\/\/ww3.ritocad.se\/index.php\/wp-json\/wp\/v2\/pages"}],"about":[{"href":"https:\/\/ww3.ritocad.se\/index.php\/wp-json\/wp\/v2\/types\/page"}],"author":[{"embeddable":true,"href":"https:\/\/ww3.ritocad.se\/index.php\/wp-json\/wp\/v2\/users\/2"}],"replies":[{"embeddable":true,"href":"https:\/\/ww3.ritocad.se\/index.php\/wp-json\/wp\/v2\/comments?post=99"}],"version-history":[{"count":1,"href":"https:\/\/ww3.ritocad.se\/index.php\/wp-json\/wp\/v2\/pages\/99\/revisions"}],"predecessor-version":[{"id":1552,"href":"https:\/\/ww3.ritocad.se\/index.php\/wp-json\/wp\/v2\/pages\/99\/revisions\/1552"}],"up":[{"embeddable":true,"href":"https:\/\/ww3.ritocad.se\/index.php\/wp-json\/wp\/v2\/pages\/58"}],"wp:attachment":[{"href":"https:\/\/ww3.ritocad.se\/index.php\/wp-json\/wp\/v2\/media?parent=99"}],"curies":[{"name":"wp","href":"https:\/\/api.w.org\/{rel}","templated":true}]}}